41 is divided by 1108?
17
What is the remainder when 5223942 is divided by 92?
90
Calculate the remainder when 597068 is divided by 298528.
12
What is the remainder when 2907874 is divided by 476?
466
Calculate the remainder when 84959 is divided by 456.
143
What is the remainder when 237484 is divided by 1019?
57
Calculate the remainder when 4506 is divided by 1311.
573
Calculate the remainder when 104899 is divided by 712.
235
Calculate the remainder when 2281524 is divided by 760503.
15
Calculate the remainder when 596446 is divided by 72.
70
What is the remainder when 8806 is divided by 649?
369
Calculate the remainder when 2987999 is divided by 1469.
53
What is the remainder when 306241 is divided by 20403?
196
Calculate the remainder when 19474412 is divided by 2260.
2252
What is the remainder when 237523 is divided by 3301?
3152
Calculate the remainder when 1051438 is divided by 64.
46
Calculate the remainder when 742891 is divided by 481.
227
Calculate the remainder when 1274830 is divided by 2410.
2350
What is the remainder when 536032 is divided by 534988?
1044
Calculate the remainder when 127830 is divided by 743.
34
Calculate the remainder when 4585403 is divided by 1054.
503
Calculate the remainder when 667032 is divided by 39237.
3
Calculate the remainder when 518575 is divided by 103703.
60
What is the remainder when 35456615 is divided by 72?
71
Calculate the remainder when 6541198 is divided by 1667.
1557
What is the remainder when 16926284 is divided by 1368?
20
Calculate the remainder when 145998289 is divided by 482.
7
What is the remainder when 26950 is divided by 5314?
380
What is the remainder when 1594980 is divided by 1250?
1230
Calculate the remainder when 99680 is divided by 1754.
1456
What is the remainder when 98475 is divided by 16131?
1689
What is the remainder when 1314835 is divided by 657417?
1
Calculate the remainder when 109464 is divided by 49376.
10712
What is the remainder when 25240196 is divided by 69?
65
What is the remainder when 854834 is divided by 79?
54
Calculate the remainder when 128757 is divided by 1885.
577
Calculate the remainder when 10470 is divided by 2043.
255
What is the remainder when 518627 is divided by 135?
92
Calculate the remainder when 656421845 is divided by 118.
117
Calculate the remainder when 453476 is divided by 32389.
30
What is the remainder when 1990925 is divided by 304?
29
Calculate the remainder when 20892063 is divided by 144083.
28
Calculate the remainder when 1853828 is divided by 510.
488
What is the remainder when 15792484 is divided by 6?
4
Calculate the remainder when 17706245 is divided by 71.
52
What is the remainder when 2013082 is divided by 199?
197
What is the remainder when 687936 is divided by 229240?
216
Calculate the remainder when 44205 is divided by 5017.
4069
What is the remainder when 27206255 is divided by 1046394?
11
Calculate the remainder when 1152024 is divided by 4364.
4292
What is the remainder when 2669162 is divided by 537?
272
Calculate the remainder when 8034977 is divided by 61.
57
What is the remainder when 397860 is divided by 397662?
198
What is the remainder when 79303 is divided by 1801?
59
What is the remainder when 1790406 is divided by 4273?
19
Calculate the remainder when 10511917 is divided by 1547.
52
Calculate the remainder when 3470966 is divided by 216855.
1286
What is the remainder when 12622383 is divided by 3244?
3223
Calculate the remainder when 832008 is divided by 1050.
408
What is the remainder when 35974751 is divided by 1056?
1055
What is the remainder when 99734 is divided by 15519?
6620
What is the remainder when 86651837 is divided by 101?
99
Calculate the remainder when 127825515 is divided by 98.
97
What is the remainder when 1094411 is divided by 18869?
9
Calculate the remainder when 377464047 is divided by 3.
0
Calculate the remainder when 81637291 is divided by 849.
847
What is the remainder when 33451652 is divided by 2399?
2395
What is the remainder when 2728947 is divided by 678?
675
Calculate the remainder when 109597597 is divided by 3384.
3373
Calculate the remainder when 59182 is divided by 5345.
387
What is the remainder when 24611311 is divided by 11821?
11810
Calculate the remainder when 50986 is divided by 12583.
654
Calculate the remainder when 2513641 is divided by 576.
553
Calculate the remainder when 403506 is divided by 134470.
96
What is the remainder when 11365795 is divided by 377?
376
What is the remainder when 42790 is divided by 3887?
33
What is the remainder when 3555920 is divided by 231?
137
What is the remainder when 974418 is divided by 3564?
1446
Calculate the remainder when 43951185 is divided by 72051.
75
What is the remainder when 1062 is divided by 191?
107
What is the remainder when 9542336 is divided by 92?
4
Calculate the remainder when 45958236 is divided by 2418854.
10
Calculate the remainder when 268041 is divided by 86436.
8733
Calculate the remainder when 10489 is divided by 1035.
139
Calculate the remainder when 383155 is divided by 381014.
2141
Calculate the remainder when 37936 is divided by 404.
364
What is the remainder when 1333901448 is divided by 35?
33
What is the remainder when 759318 is divided by 1890?
1428
Calculate the remainder when 147679 is divided by 49222.
13
Calculate the remainder when 13232524 is divided by 445.
4
Calculate the remainder when 4876763 is divided by 3284.
23
What is the remainder when 28051149 is divided by 12?
9
What is the remainder when 15098295 is divided by 5032741?
72
What is the remainder when 25698036 is divided by 1713202?
6
Calculate the remainder when 3700918 is divided by 44.
34
Calculate the remainder when 372165 is divided by 26578.
73
Calculate the remainder when 89524 is divided by 2809.
2445
Calculate the remainder when 327378 is divided by 24497.
8917
Calculate the remainder when 2693147 is divided by 525.
422
Calculate the remainder when 73189028 is divided by 146378.
28
Calculate the remainder when 153324266 is divided by 621.
608
What is the remainder when 86699952 is divided by 15?
12
Calculate the remainder when 34203612 is divided by 17101803.
6
What is the remainder when 19566 is divided by 2444?
14
Calculate the remainder when 7997380 is divided by 54.
34
What is the remainder when 1759209 is divided by 1970?
1969
Calculate the remainder when 286691 is divided by 31848.
59
What is the remainder when 11327232 is divided by 77056?
0
What is the remainder when 19439952 is divided by 15?
12
What is the remainder when 177557 is divided by 58884?
905
Calculate the remainder when 2373320 is divided by 1669.
2
What is the remainder when 176747 is divided by 2849?
109
What is the remainder when 99100 is divided by 10807?
1837
What is the remainder when 241233371 is divided by 1812?
1811
Calculate the remainder when 4230 is divided by 1828.
574
Calculate the remainder when 792323 is divided by 2245.
2083
What is the remainder when 969614 is divided by 378?
44
What is the remainder when 338974 is divided by 83?
2
What is the remainder when 546206 is divided by 136536?
62
What is the remainder when 54368 is divided by 15787?
7007
Calculate the remainder when 263182 is divided by 15427.
923
Calculate the remainder when 1143313 is divided by 19712.
17
What is the remainder when 142033 is divided by 47158?
559
Calculate the remainder when 383801 is divided by 75.
26
Calculate the remainder when 4077586 is divided by 749.
30
Calculate the remainder when 47934 is divided by 539.
502
Calculate the remainder when 21190 is divided by 10358.
474
Calculate the remainder when 682363 is divided by 3674.
2673
What is the remainder when 970440 is divided by 36?
24
Calculate the remainder when 255119 is divided by 36445.
4
Calculate the remainder when 910457 is divided by 94.
67
Calculate the remainder when 9589908 is divided by 110.
108
What is the remainder when 177242084 is divided by 15?
14
Calculate the remainder when 57568909 is divided by 25.
9
What is the remainder when 3090543 is divided by 948?
63
Calculate the remainder when 502136 is divided by 14345.
61
What is the remainder when 20601226 is divided by 697?
694
Calculate the remainder when 8791778 is divided by 11.
6
What is the remainder when 23272574 is divided 